{"id":66,"date":"2016-01-07T16:19:15","date_gmt":"2016-01-07T15:19:15","guid":{"rendered":"https:\/\/www.offroaddragrace-gr.ch\/web\/?page_id=66"},"modified":"2022-02-03T17:23:05","modified_gmt":"2022-02-03T16:23:05","slug":"ueber-uns","status":"publish","type":"page","link":"https:\/\/www.offroaddragrace-gr.ch\/web\/?page_id=66","title":{"rendered":"\u00dcber uns"},"content":{"rendered":"<p>Der MC Holzzockel wurde am 27.11.2015 in Flond gegr\u00fcndet. Wir&nbsp;bestehen im&nbsp;&nbsp;Moment&nbsp; aus 54 Mitglieder, die alle die selben Interessen teilen. Diese sind:<\/p>\n<ul>\n<li>Das Interesse an Motorr\u00e4dern und deren Umbauten (Hobby)<\/li>\n<li>gem\u00fctliches Zusammensitzen und \u00fcber aktuelle Themen diskutieren<\/li>\n<li>Holzzockel tragen ( unser Erkennungsmerkmal )<\/li>\n<li>Teilnahme an verschiedenen Motorradrennen, ob als Zuschauer oder als Fahrer.<\/li>\n<li>Ausfahrten mit dem Motorrad<\/li>\n<\/ul>\n<p>Zusammen organisieren wir das Offroaddragrace in Flond und arbeiten mit vollem Einsatz w\u00e4hrend der Durchf\u00fchrung<\/p>\n<p>OK OFFROADDRAGRACE<\/p>\n<p>Das Offroaddragrace wird ausschliesslich von Mitgliedern des&nbsp;&nbsp;&nbsp;&nbsp;&nbsp; MC Holzzockel organisiert. Dies sind:<\/p>\n<p>Name: &nbsp;<strong>Silvan Janka<br \/>\n<\/strong>Spitzname: Voll<br \/>\nFunktion:&nbsp;Pr\u00e4sident, Gastronomie<br \/>\nHobbies: Guggenmusik, Motorrad<br \/>\nBeruf: Mechaniker<\/p>\n<p><img loading=\"lazy\" decoding=\"async\" class=\"alignnone wp-image-110\" src=\"https:\/\/www.offroaddragrace-gr.ch\/web\/wp-content\/uploads\/2016\/01\/fotti-voll-229x300.jpg\" alt=\"Silvan Janka\" width=\"221\" height=\"289\" srcset=\"https:\/\/www.offroaddragrace-gr.ch\/web\/wp-content\/uploads\/2016\/01\/fotti-voll-229x300.jpg 229w, https:\/\/www.offroaddragrace-gr.ch\/web\/wp-content\/uploads\/2016\/01\/fotti-voll.jpg 488w\" sizes=\"auto, (max-width: 221px) 100vw, 221px\" \/><\/p>\n<p>Name:&nbsp;<strong>David Monsch<br \/>\n<\/strong>Spitzname: Dave<br \/>\nFunktion: Infrastruktur Rennbahn<br \/>\nHobbies:&nbsp; Motocross<br \/>\nBeruf: Schreiner<\/p>\n<p><a href=\"https:\/\/www.offroaddragrace-gr.ch\/web\/wp-content\/uploads\/2016\/01\/Dave.jpg\" rel=\"attachment wp-att-206\"><img loading=\"lazy\" decoding=\"async\" class=\"alignnone wp-image-206\" src=\"https:\/\/www.offroaddragrace-gr.ch\/web\/wp-content\/uploads\/2016\/01\/Dave-300x300.jpg\" alt=\"Dave\" width=\"262\" height=\"262\" srcset=\"https:\/\/www.offroaddragrace-gr.ch\/web\/wp-content\/uploads\/2016\/01\/Dave-300x300.jpg 300w, https:\/\/www.offroaddragrace-gr.ch\/web\/wp-content\/uploads\/2016\/01\/Dave-150x150.jpg 150w, https:\/\/www.offroaddragrace-gr.ch\/web\/wp-content\/uploads\/2016\/01\/Dave.jpg 516w\" sizes=\"auto, (max-width: 262px) 100vw, 262px\" \/><\/a><\/p>\n<p>Name:&nbsp;<strong>Michel Derungs<br \/>\n<\/strong>Spitzname: Mischi<br \/>\nFunktion: Infrastruktur Festzelt<br \/>\nHobbies: Motorrad, Football<br \/>\nBeruf: Maschinist<\/p>\n<p><a href=\"https:\/\/www.offroaddragrace-gr.ch\/web\/wp-content\/uploads\/2016\/01\/Michel.jpg\" rel=\"attachment wp-att-208\"><img loading=\"lazy\" decoding=\"async\" class=\"alignnone wp-image-208\" src=\"https:\/\/www.offroaddragrace-gr.ch\/web\/wp-content\/uploads\/2016\/01\/Michel-300x291.jpg\" alt=\"Michel\" width=\"262\" height=\"262\"><\/a><\/p>\n<p>Name: <strong>Valentin Alig<br \/>\n<\/strong>Spitzname: Vali<br \/>\nFunktion:  Infrastruktur Aufbauten, Homepage, B\u00e4nds und Musik<br \/>\nHobbies: Schlagzeug,Gesang, Motorrad, Camping<br \/>\nBeruf: Niederlassungsleiter Strassenbau<\/p>\n<p><a href=\"https:\/\/www.offroaddragrace-gr.ch\/web\/wp-content\/uploads\/2016\/01\/Fotti-Vali-1.jpg\" rel=\"attachment wp-att-112\"><img loading=\"lazy\" decoding=\"async\" class=\"alignnone wp-image-112\" src=\"https:\/\/www.offroaddragrace-gr.ch\/web\/wp-content\/uploads\/2016\/01\/Fotti-Vali-1.jpg\" alt=\"Fotti Vali\" width=\"256\" height=\"171\"><\/a><\/p>\n<p>Name:&nbsp;<strong>Tizian Derungs<br \/>\n<\/strong>Spitzname: Tizi<br \/>\nFunktion: Administration, Anmeldungen, Gastronomie<br \/>\nHobbies: Fischen, Motorrad<br \/>\nBeruf: Koch<\/p>\n<p><a href=\"https:\/\/www.offroaddragrace-gr.ch\/web\/wp-content\/uploads\/2016\/01\/Tizian.jpg\" rel=\"attachment wp-att-209\"><img loading=\"lazy\" decoding=\"async\" class=\"alignnone size-medium wp-image-209\" src=\"https:\/\/www.offroaddragrace-gr.ch\/web\/wp-content\/uploads\/2016\/01\/Tizian-212x300.jpg\" alt=\"Tizian\" width=\"212\" height=\"300\" srcset=\"https:\/\/www.offroaddragrace-gr.ch\/web\/wp-content\/uploads\/2016\/01\/Tizian-212x300.jpg 212w, https:\/\/www.offroaddragrace-gr.ch\/web\/wp-content\/uploads\/2016\/01\/Tizian.jpg 542w\" sizes=\"auto, (max-width: 212px) 100vw, 212px\" \/><\/a><\/p>\n<p>Name: <strong>Florian Schwarz<\/strong><br \/>\nSpitzname: Flori<br \/>\nFunktion: Infrastruktur Aufbauten<br \/>\nHobbies:&nbsp;Skifahren, Motorrad<br \/>\nBeruf: Lastwagenfahrer<\/p>\n<p><a href=\"https:\/\/www.offroaddragrace-gr.ch\/web\/wp-content\/uploads\/2016\/01\/Flori.jpg\"><img loading=\"lazy\" decoding=\"async\" class=\"alignnone wp-image-1086\" src=\"https:\/\/www.offroaddragrace-gr.ch\/web\/wp-content\/uploads\/2016\/01\/Flori-225x300.jpg\" alt=\"\" width=\"212\" height=\"283\" srcset=\"https:\/\/www.offroaddragrace-gr.ch\/web\/wp-content\/uploads\/2016\/01\/Flori-225x300.jpg 225w, https:\/\/www.offroaddragrace-gr.ch\/web\/wp-content\/uploads\/2016\/01\/Flori-768x1024.jpg 768w, https:\/\/www.offroaddragrace-gr.ch\/web\/wp-content\/uploads\/2016\/01\/Flori.jpg 1200w\" sizes=\"auto, (max-width: 212px) 100vw, 212px\" \/><\/a><\/p>\n","protected":false},"excerpt":{"rendered":"<p>Der MC Holzzockel wurde am 27.11.2015 in Flond gegr\u00fcndet. Wir&nbsp;bestehen im&nbsp;&nbsp;Moment&nbsp; aus 54 Mitglieder, die alle die selben Interessen teilen. Diese sind: Das Interesse an Motorr\u00e4dern und deren Umbauten (Hobby) gem\u00fctliches Zusammensitzen und \u00fcber aktuelle Themen diskutieren Holzzockel tragen ( unser Erkennungsmerkmal ) Teilnahme an verschiedenen Motorradrennen, ob als Zuschauer oder als Fahrer. Ausfahrten mit &hellip; <a href=\"https:\/\/www.offroaddragrace-gr.ch\/web\/?page_id=66\" class=\"more-link\"><span class=\"screen-reader-text\">\u00dcber uns<\/span> weiterlesen <span class=\"meta-nav\">&rarr;<\/span><\/a><\/p>\n","protected":false},"author":1,"featured_media":0,"parent":0,"menu_order":0,"comment_status":"closed","ping_status":"closed","template":"","meta":{"ngg_post_thumbnail":0,"footnotes":""},"class_list":["post-66","page","type-page","status-publish","hentry"],"_links":{"self":[{"href":"https:\/\/www.offroaddragrace-gr.ch\/web\/index.php?rest_route=\/wp\/v2\/pages\/66","targetHints":{"allow":["GET"]}}],"collection":[{"href":"https:\/\/www.offroaddragrace-gr.ch\/web\/index.php?rest_route=\/wp\/v2\/pages"}],"about":[{"href":"https:\/\/www.offroaddragrace-gr.ch\/web\/index.php?rest_route=\/wp\/v2\/types\/page"}],"author":[{"embeddable":true,"href":"https:\/\/www.offroaddragrace-gr.ch\/web\/index.php?rest_route=\/wp\/v2\/users\/1"}],"replies":[{"embeddable":true,"href":"https:\/\/www.offroaddragrace-gr.ch\/web\/index.php?rest_route=%2Fwp%2Fv2%2Fcomments&post=66"}],"version-history":[{"count":29,"href":"https:\/\/www.offroaddragrace-gr.ch\/web\/index.php?rest_route=\/wp\/v2\/pages\/66\/revisions"}],"predecessor-version":[{"id":1311,"href":"https:\/\/www.offroaddragrace-gr.ch\/web\/index.php?rest_route=\/wp\/v2\/pages\/66\/revisions\/1311"}],"wp:attachment":[{"href":"https:\/\/www.offroaddragrace-gr.ch\/web\/index.php?rest_route=%2Fwp%2Fv2%2Fmedia&parent=66"}],"curies":[{"name":"wp","href":"https:\/\/api.w.org\/{rel}","templated":true}]}}