{"id":140,"date":"2016-01-11T20:42:45","date_gmt":"2016-01-11T19:42:45","guid":{"rendered":"https:\/\/www.offroaddragrace-gr.ch\/web\/?page_id=140"},"modified":"2024-04-01T14:51:47","modified_gmt":"2024-04-01T12:51:47","slug":"sponsoren","status":"publish","type":"page","link":"https:\/\/www.offroaddragrace-gr.ch\/web\/?page_id=140","title":{"rendered":"Sponsoren"},"content":{"rendered":"<p style=\"text-align: left;\"><strong><em>Ein Riesengrosses Dankesch\u00f6n geht an alle unsere Sponsoren. Ohne eure Unterst\u00fctzung w\u00fcrde dieser Anlass nicht stattfinden. <\/em><\/strong><\/p>\n<h2><strong><em>HAUPTSPONSOREN:<\/em><\/strong><\/h2>\n<h2><strong><em><a href=\"https:\/\/www.bianchibaut.ch\/\" target=\"_blank\" rel=\"noopener\"><img loading=\"lazy\" decoding=\"async\" class=\"alignnone wp-image-1018 size-medium\" src=\"https:\/\/www.offroaddragrace-gr.ch\/web\/wp-content\/uploads\/2016\/01\/bianchi_baut_gruen-300x123.jpg\" alt=\"\" width=\"300\" height=\"123\" \/><\/a><\/em><\/strong><\/h2>\n<p><a href=\"http:\/\/www.wbuntervaz.ch\/\" target=\"_blank\" rel=\"noopener\"><img loading=\"lazy\" decoding=\"async\" class=\"alignnone wp-image-1024 size-medium\" src=\"https:\/\/www.offroaddragrace-gr.ch\/web\/wp-content\/uploads\/2016\/01\/WBU_Logo-300x101.jpg\" alt=\"\" width=\"300\" height=\"101\" \/><\/a><\/p>\n<p><a href=\"https:\/\/www.surselva.info\/Media\/Gastronomie\/Bergrestaurant-Obersaxen-Leo-s-Snackbar\" target=\"_blank\" rel=\"noopener\"><img loading=\"lazy\" decoding=\"async\" class=\"alignnone wp-image-1021 size-medium\" src=\"https:\/\/www.offroaddragrace-gr.ch\/web\/wp-content\/uploads\/2016\/01\/Leos_Snack_Bar-300x276.jpg\" alt=\"\" width=\"300\" height=\"276\" \/><\/a><\/p>\n<h2><em><strong>CO-SPONSOREN:<\/strong><\/em><\/h2>\n<p><a href=\"http:\/\/www.grischagraphix.ch\" target=\"_blank\" rel=\"noopener\"><img loading=\"lazy\" decoding=\"async\" class=\"alignnone wp-image-1035 size-medium\" src=\"https:\/\/www.offroaddragrace-gr.ch\/web\/wp-content\/uploads\/2016\/01\/Grphx-300x203.jpg\" alt=\"\" width=\"300\" height=\"203\" \/><\/a><\/p>\n<p><a href=\"https:\/\/www.surselva.info\/Ferienregionen\/Obersaxen-Mundaun\" target=\"_blank\" rel=\"noopener\"><img loading=\"lazy\" decoding=\"async\" class=\"alignnone wp-image-1040 size-medium\" src=\"https:\/\/www.offroaddragrace-gr.ch\/web\/wp-content\/uploads\/2016\/01\/Obersaxen-300x124.jpg\" alt=\"\" width=\"300\" height=\"124\" \/><\/a><\/p>\n<p><a href=\"http:\/\/www.propidrink.ch\/\" target=\"_blank\" rel=\"noopener\"><img loading=\"lazy\" decoding=\"async\" class=\"alignnone wp-image-1042 size-medium\" src=\"https:\/\/www.offroaddragrace-gr.ch\/web\/wp-content\/uploads\/2016\/01\/Propi-300x213.jpg\" alt=\"\" width=\"300\" height=\"213\" \/><\/a><\/p>\n<p><a href=\"http:\/\/www.garageallenspach.ch\/\" target=\"_blank\" rel=\"noopener\"><img loading=\"lazy\" decoding=\"async\" class=\"alignnone wp-image-1027 size-medium\" src=\"https:\/\/www.offroaddragrace-gr.ch\/web\/wp-content\/uploads\/2016\/01\/Alensbach-300x83.jpg\" alt=\"\" width=\"300\" height=\"83\" \/><\/a><\/p>\n<p><a href=\"https:\/\/yellow.local.ch\/de\/d\/Obersaxen\/7134\/Transporte\/Tschuor-Rico-3OJqTrhsPUPIitBw2csqwQ\" target=\"_blank\" rel=\"noopener\"><img loading=\"lazy\" decoding=\"async\" class=\"alignnone wp-image-1044 size-medium\" src=\"https:\/\/www.offroaddragrace-gr.ch\/web\/wp-content\/uploads\/2016\/01\/unnamed-300x76.jpg\" alt=\"\" width=\"300\" height=\"76\" \/><\/a><\/p>\n<p><a href=\"https:\/\/calanda.ch\/\" target=\"_blank\" rel=\"noopener\"><img loading=\"lazy\" decoding=\"async\" class=\"alignnone wp-image-1399 size-medium\" src=\"https:\/\/www.offroaddragrace-gr.ch\/web\/wp-content\/uploads\/2022\/03\/Logo_lang-e1646483380426-300x87.png\" alt=\"\" width=\"300\" height=\"87\" \/><\/a><\/p>\n<p><a href=\"https:\/\/www.montalta.ch\/\" target=\"_blank\" rel=\"noopener\"><img loading=\"lazy\" decoding=\"async\" class=\"alignnone wp-image-1023 size-medium\" src=\"https:\/\/www.offroaddragrace-gr.ch\/web\/wp-content\/uploads\/2016\/01\/Montalta-300x89.jpg\" alt=\"\" width=\"300\" height=\"89\" \/><\/a><\/p>\n<p><a href=\"https:\/\/appenzellerbier.ch\/de\/\" target=\"_blank\" rel=\"noopener\"><img loading=\"lazy\" decoding=\"async\" class=\"alignnone wp-image-1558 size-medium\" src=\"https:\/\/www.offroaddragrace-gr.ch\/web\/wp-content\/uploads\/2024\/04\/2560px-Appenzeller_Bier_logo.svg_-300x133.png\" alt=\"\" width=\"300\" height=\"133\" \/><\/a><\/p>\n<p><a href=\"https:\/\/www.offroaddragrace-gr.ch\/web\/wp-content\/uploads\/2024\/04\/campingSurcuolm.png\" target=\"_blank\" rel=\"noopener\"><img loading=\"lazy\" decoding=\"async\" class=\"alignnone wp-image-1556 size-medium\" src=\"https:\/\/www.offroaddragrace-gr.ch\/web\/wp-content\/uploads\/2024\/04\/campingSurcuolm-300x265.png\" alt=\"\" width=\"300\" height=\"265\" \/><\/a><\/p>\n<p><a href=\"https:\/\/www.motorex.com\/de-ch\/\" target=\"_blank\" rel=\"noopener\"><img loading=\"lazy\" decoding=\"async\" class=\"alignnone wp-image-1039 size-medium\" src=\"https:\/\/www.offroaddragrace-gr.ch\/web\/wp-content\/uploads\/2016\/01\/Motorex_Neg_CMYK-300x161.jpg\" alt=\"\" width=\"300\" height=\"161\" \/><\/a><\/p>\n<p><a href=\"http:\/\/www.cuolm-sura.ch\/\" target=\"_blank\" rel=\"noopener\"><img loading=\"lazy\" decoding=\"async\" class=\"alignnone wp-image-1030 size-medium\" src=\"https:\/\/www.offroaddragrace-gr.ch\/web\/wp-content\/uploads\/2016\/01\/CuolmSura_Berggasthaus-300x128.jpg\" alt=\"\" width=\"300\" height=\"128\" \/><\/a><\/p>\n<p><a href=\"https:\/\/www.local.ch\/de\/d\/obersaxen\/7134\/garage\/auto-mirer-ag-654VMw4gIjMvA84BXdXw-A\" target=\"_blank\" rel=\"noopener\"><img loading=\"lazy\" decoding=\"async\" class=\"alignnone wp-image-1149 size-medium\" src=\"https:\/\/www.offroaddragrace-gr.ch\/web\/wp-content\/uploads\/2016\/01\/AutoMirer-Inserat-300x204.jpg\" alt=\"\" width=\"300\" height=\"204\" \/><\/a><\/p>\n<p><a href=\"https:\/\/www.walder-ofenbau.ch\/\" target=\"_blank\" rel=\"noopener\"><img loading=\"lazy\" decoding=\"async\" class=\"alignnone wp-image-1559 size-medium\" src=\"https:\/\/www.offroaddragrace-gr.ch\/web\/wp-content\/uploads\/2024\/04\/Walder-logo-266x300.png\" alt=\"\" width=\"266\" height=\"300\" \/><\/a><\/p>\n<p><a href=\"https:\/\/www.equans.ch\/home\" target=\"_blank\" rel=\"noopener\"><img loading=\"lazy\" decoding=\"async\" class=\"alignnone wp-image-1557 size-medium\" src=\"https:\/\/www.offroaddragrace-gr.ch\/web\/wp-content\/uploads\/2024\/04\/Equans-Obersaxen-300x92.jpeg\" alt=\"\" width=\"300\" height=\"92\" \/><\/a><\/p>\n<h2><\/h2>\n<h2><em><strong>SPONSOREN:<\/strong><\/em><\/h2>\n<p><a href=\"https:\/\/www.repower.com\/ch\/privatkunden\/eigenproduktion\/informationen-fuer-energieproduzenten\/\" target=\"_blank\" rel=\"noopener\"><img loading=\"lazy\" decoding=\"async\" class=\"alignnone wp-image-1148 size-medium\" src=\"https:\/\/www.offroaddragrace-gr.ch\/web\/wp-content\/uploads\/2016\/01\/repower_claim_RGB_ro-300x80.jpg\" alt=\"\" width=\"300\" height=\"80\" \/><\/a><\/p>\n<p><a href=\"http:\/\/www.elektrocadruvi.ch\/\" target=\"_blank\" rel=\"noopener\"><img loading=\"lazy\" decoding=\"async\" class=\"alignnone wp-image-1028 size-medium\" src=\"https:\/\/www.offroaddragrace-gr.ch\/web\/wp-content\/uploads\/2016\/01\/Cadruvi-300x96.jpg\" alt=\"\" width=\"300\" height=\"96\" \/><\/a><\/p>\n<p><a href=\"https:\/\/www.offroaddragrace-gr.ch\/web\/wp-content\/uploads\/2024\/04\/2560px-Helvetia_Versicherung_logo.svg_.png\" target=\"_blank\" rel=\"noopener\"><img loading=\"lazy\" decoding=\"async\" class=\"alignnone wp-image-1560 size-medium\" src=\"https:\/\/www.offroaddragrace-gr.ch\/web\/wp-content\/uploads\/2024\/04\/2560px-Helvetia_Versicherung_logo.svg_-300x70.png\" alt=\"\" width=\"300\" height=\"70\" \/><\/a><\/p>\n<p><span class=\"s1\">Helvetia Versicherung, Christian Spescha<\/span><\/p>\n<p><a href=\"https:\/\/www.offroaddragrace-gr.ch\/web\/wp-content\/uploads\/2016\/01\/PostaVegliaScan.jpg\" target=\"_blank\" rel=\"noopener\"><img loading=\"lazy\" decoding=\"async\" class=\"alignnone wp-image-1041 size-medium\" src=\"https:\/\/www.offroaddragrace-gr.ch\/web\/wp-content\/uploads\/2016\/01\/PostaVegliaScan-e1711975252254-300x197.jpg\" alt=\"\" width=\"300\" height=\"197\" \/><\/a><\/p>\n<p class=\"p1\"><span class=\"s1\">Posta Veglia Flond, Franz Isenegger<\/span><\/p>\n<p><a href=\"https:\/\/www.central-obersaxen.ch\/\" target=\"_blank\" rel=\"noopener\"><img loading=\"lazy\" decoding=\"async\" class=\"alignnone wp-image-1561 size-medium\" src=\"https:\/\/www.offroaddragrace-gr.ch\/web\/wp-content\/uploads\/2024\/04\/HotelCentral-300x148.png\" alt=\"\" width=\"300\" height=\"148\" \/><\/a><\/p>\n<p><span class=\"s1\">Hotel Central, Obersaxen Meierhof<\/span><\/p>\n<p><a href=\"https:\/\/montalta-landmaschinen.digitalone.site\/\" target=\"_blank\" rel=\"noopener\"><img loading=\"lazy\" decoding=\"async\" class=\"alignnone wp-image-1037 size-medium\" src=\"https:\/\/www.offroaddragrace-gr.ch\/web\/wp-content\/uploads\/2016\/01\/Montalta-1-e1711975232675-300x93.jpg\" alt=\"\" width=\"300\" height=\"93\" \/><\/a><\/p>\n<p>Montalta Landmaschinen<\/p>\n<p><a href=\"https:\/\/foppa.ch\/\" target=\"_blank\" rel=\"noopener\"><img loading=\"lazy\" decoding=\"async\" class=\"alignnone wp-image-1562 size-medium\" src=\"https:\/\/www.offroaddragrace-gr.ch\/web\/wp-content\/uploads\/2024\/04\/logo-foppa-4f-rot-480x480-1-e1711975440706-300x171.png\" alt=\"\" width=\"300\" height=\"171\" \/><\/a><\/p>\n<p><span class=\"s1\">Foppa AG Chur<\/span><\/p>\n<p><a href=\"http:\/\/www.baeckerei-simmen.ch\/\" target=\"_blank\" rel=\"noopener\"><img loading=\"lazy\" decoding=\"async\" class=\"alignnone wp-image-1563 size-full\" src=\"https:\/\/www.offroaddragrace-gr.ch\/web\/wp-content\/uploads\/2024\/04\/BaeckereiSimmen.png\" alt=\"\" width=\"220\" height=\"170\" \/><\/a><\/p>\n<p><span class=\"s1\">B\u00e4ckerei Simmen Obersaxen<\/span><\/p>\n<p><a href=\"https:\/\/www.monschschreinerei.ch\/\" target=\"_blank\" rel=\"noopener\"><img loading=\"lazy\" decoding=\"async\" class=\"alignnone wp-image-1565 size-medium\" src=\"https:\/\/www.offroaddragrace-gr.ch\/web\/wp-content\/uploads\/2024\/04\/monschSchreiner-1-300x80.png\" alt=\"\" width=\"300\" height=\"80\" \/><\/a><\/p>\n<p>Monsch Schreiner Montagen<\/p>\n<p><span class=\"s1\">Fabian Klaiss FBF Fabi&#8217;s Bike<\/span><\/p>\n<p><span class=\"s1\">Pius Flepp AG<\/span><\/p>\n<p class=\"p1\">\n<h2><em><strong>100-er Club<\/strong> :<\/em><\/h2>\n<p class=\"p2\">J\u00fcrg Frutiger, Flond<\/p>\n<p>Christian Henny, Obersaxen<\/p>\n<p>Alois und Erika Janka, Obersaxen ,Tusa 11<\/p>\n<p>Alois Derungs, Flond<\/p>\n<p>Beatrice Derungs, Flond<\/p>\n<p>Corina Janka, Obersaxen<\/p>\n<p>Aluis Chistell,Flond<\/p>\n<p>Daniel Camenisch, Flond<\/p>\n<p>Carosserie Della Morte, Schnaus<\/p>\n<p>Daniela Buergin, Bachenbuelach<\/p>\n<p>Stephan Buergin, Bachenbuelach<\/p>\n<p>Pascal Matthey St.Moritz<\/p>\n<p>Garage Aldo Beeli, Ilanz<\/p>\n<p>Garage Spescha Ilanz<\/p>\n<p>Elsbeth Pfister<\/p>\n<p>Janka Franz ,Obersaxen<\/p>\n<p>Feierabend Josef, Flond<\/p>\n<p>Cadosch Giusep, Castrisch<\/p>\n<p>Eveline Kaltenegger<\/p>\n<p>Martina Mueller<\/p>\n<p>Architekturbuero Pius Alig und Part<\/p>\n","protected":false},"excerpt":{"rendered":"<p>Ein Riesengrosses Dankesch\u00f6n geht an alle unsere Sponsoren. Ohne eure Unterst\u00fctzung w\u00fcrde dieser Anlass nicht stattfinden. HAUPTSPONSOREN: CO-SPONSOREN: SPONSOREN: Helvetia Versicherung, Christian Spescha Posta Veglia Flond, Franz Isenegger Hotel Central, Obersaxen Meierhof Montalta Landmaschinen Foppa AG Chur B\u00e4ckerei Simmen Obersaxen Monsch Schreiner Montagen Fabian Klaiss FBF Fabi&#8217;s Bike Pius Flepp AG 100-er Club : J\u00fcrg &hellip; <a href=\"https:\/\/www.offroaddragrace-gr.ch\/web\/?page_id=140\" class=\"more-link\"><span class=\"screen-reader-text\">Sponsoren<\/span> weiterlesen <span class=\"meta-nav\">&rarr;<\/span><\/a><\/p>\n","protected":false},"author":1,"featured_media":0,"parent":0,"menu_order":0,"comment_status":"closed","ping_status":"closed","template":"","meta":{"ngg_post_thumbnail":0,"footnotes":""},"class_list":["post-140","page","type-page","status-publish","hentry"],"_links":{"self":[{"href":"https:\/\/www.offroaddragrace-gr.ch\/web\/index.php?rest_route=\/wp\/v2\/pages\/140","targetHints":{"allow":["GET"]}}],"collection":[{"href":"https:\/\/www.offroaddragrace-gr.ch\/web\/index.php?rest_route=\/wp\/v2\/pages"}],"about":[{"href":"https:\/\/www.offroaddragrace-gr.ch\/web\/index.php?rest_route=\/wp\/v2\/types\/page"}],"author":[{"embeddable":true,"href":"https:\/\/www.offroaddragrace-gr.ch\/web\/index.php?rest_route=\/wp\/v2\/users\/1"}],"replies":[{"embeddable":true,"href":"https:\/\/www.offroaddragrace-gr.ch\/web\/index.php?rest_route=%2Fwp%2Fv2%2Fcomments&post=140"}],"version-history":[{"count":32,"href":"https:\/\/www.offroaddragrace-gr.ch\/web\/index.php?rest_route=\/wp\/v2\/pages\/140\/revisions"}],"predecessor-version":[{"id":787,"href":"https:\/\/www.offroaddragrace-gr.ch\/web\/index.php?rest_route=\/wp\/v2\/pages\/140\/revisions\/787"}],"wp:attachment":[{"href":"https:\/\/www.offroaddragrace-gr.ch\/web\/index.php?rest_route=%2Fwp%2Fv2%2Fmedia&parent=140"}],"curies":[{"name":"wp","href":"https:\/\/api.w.org\/{rel}","templated":true}]}}